ivisor of 252 and t?
14
Let u = -593 - -841. Suppose 0 = 3*y - a - u, 2*a + 61 = -3*y + 321. Calculate the highest common divisor of 12 and y.
12
Let u = -81 - -82. Let d be (-6)/12*(1 + u*-3). Let l(x) = 9*x**2 - 4*x + 4. Let c be l(d). Calculate the greatest common factor of c and 18.
9
Let k(i) = -i + 26. Let b be k(0). Let a be ((-28392)/(-784) - 36) + (-14733)/(-42). Calculate the greatest common divisor of b and a.
13
Let m be (3 - (-2 + 7))*-1. Suppose -m*t + 23*t = 63. What is the greatest common factor of 237 and t?
3
Let y = -4718 + 4879. What is the highest common factor of y and 299?
23
Let l = -16496 - -18436. What is the greatest common divisor of 180 and l?
20
Let o = -9168 - -9678. What is the highest common divisor of 12580 and o?
170
Let x(b) = 3*b - 87. Let t be x(29). Suppose -m + 129 - 114 = t. Calculate the highest common divisor of m and 735.
15
Suppose 50 = -20*h + 130. Suppose -5*d + 45 = 5*m, -6*d + 44 = 4*m - h*d. What is the highest common divisor of 481 and m?
13
Let z(c) = 325*c + 189. Let a be z(7). Suppose 57*u + a = 68*u. Calculate the highest common factor of 28 and u.
28
Let a(b) = -4*b**2 - 100*b + 310. Let u be a(-27). Calculate the greatest common factor of 846 and u.
94
Suppose 25697 = 230*q - 12253. Calculate the greatest common divisor of 2985 and q.
15
Let p be (6 - (-133)/(-21))*-102. Let a = p - 27. Calculate the greatest common divisor of 112 and a.
7
Let r = 756 - 600. Suppose -152 = -4*x + r. What is the greatest common divisor of x and 7?
7
Let b = -656 + 676. Suppose -4*v = -b, 34*p = 30*p - 3*v + 95. What is the greatest common factor of 170 and p?
10
Let l be 54052/80 - (-30)/(-75) - (-1)/(-4). Calculate the greatest common divisor of l and 3000.
75
Suppose -14*k + 18*k - v = 4995, -3*k = -v - 3745. Calculate the greatest common divisor of k and 50.
50
Suppose 106 = 8*u + 370. Let a be (u/5)/((-45)/225). Calculate the highest common factor of a and 88.
11
Suppose 2695 = -5*y + 6*y + 6*y + 4*b, 3*b = 0. What is the greatest common factor of y and 924?
77
Let o(s) = 25*s - 1143. Let j be o(54). Calculate the highest common factor of 253 and j.
23
Let t(f) = -f**3 + 3*f**2 + 6*f - 4. Let g be t(4). Let j = 939 - 940. Let n be j/(0 + 1)*16/(-4). What is the greatest common divisor of n and g?
4
Suppose 0 = 4*t - 2*t + 30 - 128. What is the highest common divisor of 2009 and t?
49
Let r = -83 - -135. Suppose y - 100 = r. What is the highest common divisor of y and 19?
19
Suppose 9*g + 18*g - 324 = 0. Suppose 9*r = -g*r + 1134. What is the greatest common factor of r and 90?
18
Let q be ((-612)/48)/((-3)/4). Suppose -4*m = 4, -15 = q*j - 19*j - m. What is the greatest common divisor of j and 248?
8
Let j = -9848 - -9926. Calculate the greatest common divisor of j and 390.
78
Let y(m) be the second derivative of m**4/12 - 3*m**3/2 + 29*m**2/2 + 2*m - 39. Let g be y(6). Calculate the highest common factor of g and 33.
11
Suppose 5*v + 4*r - 36 = 0, -v - 12 = 3*r - 28. Suppose 0 = -5*q - 0*q - 4*d + 695, 5*d + 515 = v*q. Calculate the highest common factor of 15 and q.
15
Let h be (4/14)/((-26)/(-91)). Let s be 2 - (0/h)/(-1). Let x be s/1*(1 - -6). What is the greatest common divisor of x and 21?
7
Let x = -279 - -3618. Calculate the highest common divisor of 126 and x.
63
Let y be ((-16)/10)/(5301/(-135) - -39). Calculate the greatest common factor of 408 and y.
6
Suppose 3*h - 5 = -o, -4*o + 5*o = -h + 3. Suppose o*n - c = c + 10, 4*c + 2 = n. What is the greatest common factor of n and 54?
6
Suppose -i = 2, -5*i + 574 = -5*l + 2774. What is the greatest common divisor of 7154 and l?
146
Let t be (-1160)/(-15) - (-1)/(-3). Calculate the greatest common factor of 22 and t.
11
Suppose -7*b = -2*b - 25, -409 = 4*x - b. Let a = 83 - x. Let z be a/10 - (-2)/(-5). What is the highest common factor of z and 2?
2
Suppose -11*b + 95 = -10*b. Let d(u) = 82*u - 473. Let g be d(6). What is the highest common divisor of g and b?
19
Let l(t) = 98*t - 12. Let k be l(1). Suppose -k*a + 88*a - 144 = 0. Let z = 3 + 6. Calculate the greatest common factor of a and z.
9
Let d = 82582 - 42646. Calculate the highest common divisor of 13 and d.
13
Let m = -3547 + 3566. Let k = -282 + 529. What is the highest common factor of m and k?
19
Suppose 4*g = 48 + 48. Suppose 0*r - 24 = -g*r. What is the highest common divisor of r and 4?
1
Suppose 5*q - 1 - 30 = -4*v, -5*v = 3*q - 42. Suppose 0 = 4*c + 41 - v. Let b be ((-141)/9 + -1)/(c/12). What is the greatest common divisor of 25 and b?
25
Let o be (762/(-10))/((-22)/110). Suppose 0 = 4*z - 12, 4*n - 3*z - o = -n. Calculate the highest common divisor of n and 26.
26
Suppose 5*p + 2 - 132 = 0. Let c = 16317 - 15667. What is the highest common divisor of c and p?
26
Suppose -109*x - 2088 = -127*x. Calculate the greatest common divisor of x and 638.
58
Let i = 8619 + -3122. Calculate the greatest common divisor of i and 69.
23
Let q = 11 - 15. Let c(n) = -4*n - 6. Let d be c(q). Let l be 2/d + (-1958)/(-110). What is the highest common divisor of l and 2?
2
Let z(t) = 299*t + 30. Let s be z(0). What is the greatest common divisor of s and 3186?
6
Let l = -8758 + 8792. Calculate the greatest common divisor of l and 663.
17
Suppose 3*h - 1423 = -n, 1438 = 2*h + h - 2*n. Let b be 30 - (20 - 1164/58 - 120/(-58)). Calculate the highest common factor of b and h.
28
Let b = 3700 - 3608. Suppose -2*o + 4*o = -4*y + 2040, 3*y - 4060 = -4*o. Calculate the highest common divisor of o and b.
92
Suppose -2*p - 3*b + 8 = 7, -2*p - 2*b + 2 = 0. Suppose 17*x - 13*x = p*n - 24, -4*x = 8. What is the highest common factor of 296 and n?
8
Suppose 4*k - 5*z - 149738 = -3*z, -4*k = -3*z - 149743. Calculate the greatest common divisor of k and 8.
8
Let q = 262 - 259. Suppose -2*u - h + 2 = 4*h, u - 5*h = 31. Suppose q*o + 2 = u. What is the greatest common divisor of 33 and o?
3
Suppose 507 = 989*f - 878*f - 270. Suppose -4*y + 27 = -1. What is the greatest common divisor of y and f?
7
Let w(n) = -3*n**2 - 25*n - 24. Let x be w(-8). Let k be 2 + (-1012)/(-5) - x/(-40). What is the greatest common factor of k and 68?
68
Suppose h - 7*h = -384. Suppose 3*u - u - i = 41, 2*i = 3*u - h. Calculate the highest common divisor of u and 36.
18
Suppose 611 + 68 = -7*n. Let p = n + 91. Let y be (2 + -5)/((-2)/p)*-24. Calculate the highest common factor of y and 24.
24
Suppose -3*o + 3*l + 84 = 0, -2*o - 33*l + 30*l + 76 = 0. Calculate the greatest common factor of o and 2656.
32
Let g be (-8 - -11) + (3 - 2) + 0. Let q be (-3)/g + 219/4. Calculate the greatest common factor of 198 and q.
18
Let r(v) = -2*v**3 + 8*v**2 + 3*v - 2. Let y be r(4). Suppose 3 = y*c - 17. Let w be 46 + c*2/(-1). What is the greatest common divisor of 3 and w?
3
Suppose -1135 + 1945 = 81*o. Calculate the highest common factor of o and 290.
10
Suppose -4*l + 430 = 418, 764 = 5*v - 2*l. Calculate the greatest common divisor of 22 and v.
22
Let v be (616/(-12))/(2/(-3)). Let z be (459/(-81) - 9)*(-6)/4. Calculate the highest common factor of v and z.
11
Suppose 2*a + 4*j - 66 = -a, 2*a = -3*j + 44. Let k = -33 - -96. Let i = 217 - k. What is the highest common factor of i and a?
22
Let y = -53 - -46. Let b be 506/55 - (-1)/(-5). Let d = b + y. Calculate the highest common factor of d and 14.
2
Suppose 5*f - 2085 = 3*n, -455*f + 3*n = -458*f + 1227. Calculate the highest common divisor of f and 138.
138
Suppose 0 = 4*f + y - 1061, 23*y - 20*y - 1335 = -5*f. What is the highest common factor of f and 99?
33
Let u(n) be the first derivative of 2*n**3/3 + 29*n**2/2 + 3*n - 16. Let m be u(-13). Let s = 52 + m. Calculate the highest common factor of s and 2.
2
Let a(u) = -25*u + 723. Let h be a(28). Calculate the highest common divisor of 8 and h.
1
Suppose -1011 = -81*w - 39. Let i = -7 + 79. Suppose v + v = i. Calculate the greatest common factor of w and v.
12
Suppose 0*f = -3*r + f + 13, -2*r + 5*f - 13 = 0. Let l be (-1 + 2)/(r + (-245)/42). What is the greatest common divisor of 66 and l?
6
Let f = 222 - 199. Suppose -22*g + f*g - 108 = 0. Calculate the greatest common factor of g and 144.
36
Let l be (-12)/1*(-8 + 1). Let f(i) = -i**3 + 39*i**2 - 3*i + 123. Let v be f(39). What is the highest common factor of v and l?
6
Let k be (-5